m) = -m**2 + 8*m - 7. Let u(n) = -2*n + 2. Let i(f) = -10*f + 10. Let j(w) = -3*i(w) + 14*u(w). Calculate the remainder when j(7) is divided by z(6).
2
Let f = -360 + -246. Let a = -121 - -160. What is the remainder when 2 - 6/4 - f/4 is divided by a?
35
Suppose -2*x - 848 = -4*b, 3*b - b - 424 = -5*x. Let o = 252 - b. Calculate the remainder when o is divided by 15.
10
Let s(f) be the second derivative of -f**4/3 + 23*f**3/3 + 25*f**2/2 - 186*f. Calculate the remainder when s(11) is divided by 9.
2
Let k(r) = r**2 - 7*r - 7. Let j be 5*-691*(-31)/155. Suppose 5*f - j + 11 = 0. What is the remainder when f is divided by k(10)?
21
Let c = 44 + -111. Let m = -49 - c. Calculate the remainder when m - ((-11)/(-4) + 2/8) is divided by 8.
7
Let p(x) = 216*x**2 + 9929*x - 126. Let q = 58 + -35. What is the remainder when p(-46) is divided by q?
12
Let v(w) = 12*w**2 - 2*w. Suppose -3*j - s = 1540, -1595 = 3*j - 3*s - 71. Let q = -498 - j. Calculate the remainder when v(2) is divided by q.
2
Suppose 8*x - 5*t + 380 = 12*x, -4*t - 285 = -3*x. What is the remainder when x is divided by 30?
5
Suppose 6*z - 112 = 92. Calculate the remainder when 24 is divided by (-153)/z*(-10)/3.
9
Let r(i) = 17*i**2 - 11 + 3*i**2 - 5*i - 19*i**2. Calculate the remainder when 148 is divided by r(9).
23
Suppose -y = x - 535, -160 = y - x - 707. What is the remainder when y is divided by 263?
15
Let c(k) = -2*k + 20. Suppose -93*i = -3*d - 90*i + 333, 0 = 3*d + 5*i - 293. What is the remainder when d is divided by c(-11)?
22
Let i(z) = 2*z**2 - z - 11. Calculate the remainder when i(6) is divided by 2/3*(0 - 42/(-4)).
6
Suppose 38755*x + 2751 = 38762*x. Calculate the remainder when 2366 is divided by x.
8
Let o(f) = f**3 - 21*f**2 + 94*f - 10. Let k be o(15). Suppose 2*i + 2*r - k = 0, 4*r = -0*i + 5*i - 125. Calculate the remainder when 140 is divided by i.
15
Suppose -73*k - 3*k = -564908. What is the remainder when k is divided by 63?
62
Let j(x) = -569*x - 18. Let u be j(-1). Let l = 568 - u. What is the remainder when l is divided by 4?
1
Let y(x) = x**3 - 21*x**2 + 28*x + 453. Calculate the remainder when 1573 is divided by y(19).
258
Suppose -2*d - 84 = 2*w, 2*w + 75 + 11 = -4*d. Let x = w - -43. Suppose 4*a = -o + 2*o - 16, -x*a - 26 = -2*o. Calculate the remainder when 33 is divided by o.
9
Let m(t) = 501*t**2 + 78*t - 76. Calculate the remainder when m(1) is divided by 31.
7
Let k(j) = -j**3 + 8*j**2 - 9*j - 5. Calculate the remainder when 117 is divided by k(6).
0
Let p be ((-864)/45)/((-3)/105). Calculate the remainder when p/(-90)*(-15)/(-6)*-6 is divided by 59.
53
Let w(p) = 27*p + 475. Let q(r) = 13*r + 236. Let f(m) = -5*q(m) + 3*w(m). Calculate the remainder when f(-11) is divided by 24.
21
Suppose 2*i + 119 = -3*x + 240, 3*i - 180 = -3*x. Let z(n) = -n**3 - 2*n**2 + 4*n - 6. What is the remainder when z(-6) is divided by i?
55
Let g(w) = -121*w - 3336. Calculate the remainder when 1819 is divided by g(-28).
51
Let f(x) = -x**3 - x**2 + x - 1. Let h(p) = 3*p**3 + 6*p**2 - 2*p - 1. Let z(c) = -4*f(c) - h(c). What is the remainder when 24 is divided by z(3)?
0
Let d = -7016 + 10965. Calculate the remainder when d is divided by 16.
13
Calculate the remainder when 10527 is divided by ((-153)/(-85))/(3/195).
114
Let m(y) = -249*y - 1723. Calculate the remainder when m(-9) is divided by 52.
50
Suppose -g = -2, 2*g - 31 = 2*q - 7. Let o(t) = -6*t + 2. What is the remainder when o(q) is divided by 17?
11
Let n(q) = 74*q + 2466. Calculate the remainder when 263 is divided by n(-32).
67
Let q = 9901 - 9803. What is the remainder when q is divided by 81?
17
Let a = -106 - -305. Suppose 5*z - x = x + a, -2*z = -x - 80. Suppose 52*s = 25*s - 157*s + 28152. What is the remainder when s is divided by z?
36
Let f = 759 - 737. Let h = 0 - -6. Calculate the remainder when 642/4*h/9 is divided by f.
19
Let t = 558 + -562. What is the remainder when 55 is divided by 10 - 4*9/t?
17
Let g = -93 - -165. Let c(f) = -f**3 - 4*f**2 + 2*f + 4. Let n be c(-4). What is the remainder when g is divided by (-865)/(-35) - n/14?
22
Let h = 111 + 1. Calculate the remainder when h is divided by (31356/24)/67*2/3.
8
Let p(a) = -2*a - 5. Let q be p(-4). Suppose -3*m = 32*m - 805. Suppose 19 = 3*r + 4*y, -6*r + m = -q*r + 2*y. Calculate the remainder when r is divided by 2.
1
Suppose -3*a + 12 = -7*a. Let n = -758 + 786. What is the remainder when n/(-21) - 238/a is divided by 41?
37
What is the remainder when 0 - 9458/(-12) - (-7)/(-42) is divided by 48?
20
Let o be (2/(-4))/(4/(80/(-5))). Let s(a) = 24*a**3 - 5*a + 4 - 23*a**3 - 7*a**2 + 9*a**2. What is the remainder when 47 is divided by s(o)?
7
What is the remainder when 191 is divided by (-114)/(-27) - 130/585?
3
Suppose -4*y + 42 = -66. Suppose -1997 = -33*m - 1833 + 7822. Calculate the remainder when m is divided by y.
26
Let l(a) = -20*a**2 + 81*a + 3. Calculate the remainder when 1818 is divided by l(4).
5
Suppose -365 = 5*a - 0*a. Let p = a - -78. Suppose -p*t = -j + 228, -6*j + j + 4*t = -1035. Calculate the remainder when j is divided by 51.
50
Let i = -324 + 305. Calculate the remainder when 1*((-30950)/(-190) - 2/i) is divided by 15.
13
Let l(d) = -17*d - 47. Let z(c) = 2*c + 6. Let p be z(-7). Let f = 18 - -5. Calculate the remainder when l(p) is divided by f.
20
Suppose 5*s = 2*t + 8*s - 424, -5*t = 5*s - 1060. Let q(o) = o**3 - 22*o**2 - 23*o + 27. Calculate the remainder when t is divided by q(23).
23
Let n(q) = 8*q + 227. Calculate the remainder when n(26) is divided by 214.
7
Let f be (96/(-21) - -2)*7. Let w be (f/4 + 1)*72/36. Calculate the remainder when (-292)/(-3) - (44/6 + w) is divided by 50.
47
Suppose -73*f + 20705 = 214*f + 2624. Let o(l) = l**3 + 5*l**2 - 7*l - 6. Calculate the remainder when f is divided by o(-5).
5
Let b = 342 - -539. Suppose -2*o - 4 - b = -5*i, -2*i + 368 = 2*o. Calculate the remainder when i is divided by 62.
55
Let w = 83 + -130. Let s = -47 - w. Suppose -4*h + h - u + 78 = s, -2*u = 3*h - 81. What is the remainder when h is divided by 13?
12
Calculate the remainder when 379/((-12)/(-8 + -4)) is divided by 91.
15
Let v(c) = -c**3 + 7*c**2 + 46*c - 176. Let n = -21 - -23. Suppose -n*q + 0*b + 18 = -3*b, q + 5*b = 35. What is the remainder when v(4) is divided by q?
11
Let l(q) = q**2 + q + 2. Let d = -33 - -32. Let x be l(d). Calculate the remainder when 13*x + (-4)/(-1) is divided by 11.
8
Let m = -2297 - -2670. Calculate the remainder when m is divided by 32.
21
Suppose 296*k = 319*k - 29187. Calculate the remainder when k is divided by 120.
69
Let o = -4191 - -4355. What is the remainder when o is divided by 71?
22
Let q be 2 - 2570/(-2) - 0. What is the remainder when (2352/11 - 0) + 234/q is divided by 31?
28
Let g = -47 + 52. Suppose -g*f + f + 552 = 0. Calculate the remainder when f is divided by 70/(-3)*(108/(-10))/9.
26
Let a(x) = -189*x + 3602. What is the remainder when a(-49) is divided by 96?
95
Suppose 0 = 5*j - 438 - 42. Let s(h) = -12*h**2 - 589*h + 565. What is the remainder when j is divided by s(-50)?
6
Let o be 2/8 - (-546)/56. Suppose -12*j + 7*j = -o. Suppose 2*r = -j*r + 3*f + 166, 0 = -r + 2*f + 44. Calculate the remainder when r is divided by 11.
7
Suppose -2*v = -0*v + 3*y - 2346, 3*v - 3474 = 3*y. Calculate the remainder when v is divided by 8.
4
Let n(t) = -8*t - 30. What is the remainder when n(-35) is divided by (-6)/10 + 6*142/20?
40
Calculate the remainder when ((-1802)/(-51))/((-535)/(-105) + -5) is divided by 47.
42
Let o = 134 - 65. Suppose 0 = 4*p - 5*i - 48, 106*i - 60 = -5*p + 110*i. What is the remainder when o is divided by p?
9
Let p(h) = -h**3 - 10*h**2 - 37*h - 324. Calculate the remainder when 735 is divided by p(-10).
45
Let g be 6/24 + 118/8. Let d = -11 + g. Calculate the remainder when 50 - (d + 2 + -4)/2 is divided by 27.
22
Suppose 5*u - 130 = -5*s, 4*u + 5*s - 95 = 10. Let n = -393 - -170. Let b = -126 - n. Calculate the remainder when b is divided by u.
22
Let h(n) = -3*n - 81. Let g(q) = -q - 27. Let b(t) = -7*g(t) + 2*h(t). Calculate the remainder when 25 is divided by b(-19).
1
Calculate the remainder when 1494402/153 + 42 + (-2)/6 is divided by 109.
108
Suppose -1587*v = -1585*v - 84. Calculate the remainder when 7011 is divided by v